ate -6 + -1 + 7 + -6 + 4.
-2
Evaluate 6 - 2 - (-86 + 82).
8
0 + -4 + -1 + 5
0
What is (2 + -6 - -7) + 3?
6
Evaluate -4 - ((5 - 10) + -2).
3
3 + 1 + 5 + -10
-1
What is the value of 2 + 7 + 5 + -13?
1
1 - (-5 - (-13 + 2))
-5
What is the value of 1 + (2 + (3 - 2) - 1)?
3
Evaluate -3 - (9 + -12 - (7 - 2)).
5
What is the value of -7 - -3 - -4 - 0?
0
-6 + 23 + -11 + -17 + 2
-9
What is the value of -10 + 7 - (5 - 5)?
-3
Evaluate -8 + 11 + -6 + 2.
-1
5 - (-12 + (12 - -1))
4
Calculate 1 + -2 + -1 + 0 + 1.
-1
What is the value of 2 + (3 - 11 - -6 - 5)?
-5
What is the value of -4 + (5 - 8) + 3?
-4
4 - -5 - (-7 + 10)
6
What is -5 + (0 + 3 - 3)?
-5
(16 - 7) + 1 + -5
5
Evaluate 7 + -15 + 5 + 2.
-1
Evaluate 6 - ((0 - (-9 - -6)) + -5).
8
Evaluate (11 - 6 - 7) + 4.
2
(-1 - 2) + (95 - 102)
-10
Evaluate 2 + (-2 - (-2 + -1)) + -2.
1
Evaluate 7 + 7 + -12 + 2.
4
Evaluate (-9 - -1) + (-6 - -11).
-3
What is -3 - (3 + -6) - (-3 - -5)?
-2
Calculate -1 + (-9 - 3) + 15.
2
Evaluate 0 - (0 + -3 + (2 - 1)).
2
-10 - -12 - 8 - -10
4
What is the value of 2 - (-1 - 4) - -4 - 5?
6
2 + (5 + -1 - (8 + -1))
-1
What is the value of -1 + (4 - (1 + (6 - 0)))?
-4
What is the value of -9 + 4 + (-5 - -5) - -7?
2
What is 0 - (2 - (0 - -4))?
2
What is 7 - (2 + -2) - (3 - -1)?
3
Evaluate (0 + -4 - -7) + -2.
1
What is the value of 4 - ((5 - 8) + -2 - -7)?
2
What is the value of 0 + -1 + (-7 - (-7 - -4))?
-5
What is 7 + -2 + 5 + -10?
0
What is 1 + -3 + (0 - -4 - 5)?
-3
What is (9 - 7) + -2 + 0 + -2?
-2
Calculate 1 - (13 - (0 + 6)).
-6
Calculate 4 + 8 + (-4 - 5).
3
Evaluate 10 + (6 - (-7 - -19)).
4
7 + -9 + (1 - (-1 + 1))
-1
Calculate -7 - (-11 + (-9 - -7 - 0)).
6
Calculate (-13 - -1) + 20 + -11.
-3
What is the value of -3 + (1 - (-4 + 1))?
1
What is the value of (0 + 1 - -3) + (-67 - -67)?
4
Calculate (3 - (3 - -4)) + 2 + 1.
-1
What is -7 - -3 - (-1 - (3 - 2))?
-2
Calculate -1 + (8 - 6) - 4.
-3
Calculate (1 - 1 - -6) + 67 + -68.
5
8 + 0 + -3 - 7 - -3
1
What is (1 - -4) + (12 - 17)?
0
Calculate 8 - (19 - (3 + 1)).
-7
What is the value of (-12 + -2 - -8) + 0?
-6
What is 5 - 5 - (-2 - (0 - -3))?
5
Evaluate 0 - 4 - (-4 - (2 + -4)).
-2
Calculate 5 + (-9 - -5) + -5.
-4
What is the value of (-5 - 0) + (-17 - -22)?
0
What is the value of 0 + 23 - (13 - -2)?
8
What is the value of (0 - -2) + 5 + -11 + 9?
5
What is the value of -8 + -2 + 6 - -1?
-3
Evaluate -2 + 5 + -5 + 2.
0
-50 - -49 - (-2 + 5)
-4
Evaluate 7 - 1 - 0 - (13 + -15).
8
What is the value of -3 + -5 + 5 + 7?
4
What is -11 + 2 - -15 - (2 + -1)?
5
-7 + -3 + 2 + 0
-8
0 + (-4 - (-7 - (5 + -3)))
5
4 - (-1 - 0) - 6
-1
What is the value of 1 + 4 + 3 + -3?
5
What is the value of (-19 - -22) + 4 + 0 + -2?
5
What is 1 + (-5 - (4 - 5)) + 5?
2
What is the value of -2 + 2 + -3 + 1 + 4?
2
What is 6 + -9 - (0 - 4)?
1
Evaluate 4 + -5 - (-4 + 4 + -12).
11
Evaluate 0 - (-1 - (-3 - -5)).
3
What is the value of -1 + 0 + 0 - (-12 + 9)?
2
What is 2 - (11 + -2 + 5 + -7)?
-5
Evaluate (22 - 7) + -8 + -6.
1
What is -2 - -6 - (0 + 0)?
4
9 + (4 - (-8 + 24))
-3
Calculate (-6 - (2 + (-4 - -4))) + 4.
-4
What is the value of (10 - (10 + -6)) + -2 + -3?
1
What is the value of -5 - -24 - 9 - 17?
-7
Evaluate (23 - 21) + -9 + 1.
-6
What is the value of 2 + 3 + (-4 - -1)?
2
Evaluate 10 + -3 - (1 + 8).
-2
Calculate (8 + 0 - 0) + -2 + 0.
6
Calculate 12 - (-4 + -1 - (-8 - 4)).
5
-1 - ((-4 - -11) + -11)
3
8 + (-7 - -8 - (4 + 0))
5
What is the value of 5 + 5 + -13 + 1?
-2
(-10 - -1) + (-5 - -14)
0
Evaluate 1 + 1 + 3 + -5.
0
Calculate 3 - (-3 + 6) - (2 - 2).
0
What is the value of -4 - (-5 + (-1 - -4))?
-2
What is 7 - (10 + -2 + -8)?
7
What is the value of 2 + ((-5 - -5) + 0 - 5)?
-3
Calculate -2 + 1 + 4 + -3 + -3.
-3
Evaluate 0 + 4 - (-2 + 5).
1
What is 0 + -3 - (-2 - 1) - 5?
-5
What is the value of 5 + 2 + (-2 - 1 - 0)?
4
What is 8 + -10 + 10 + 1?
9
Calculate 9 + -6 - (6 - (7 - 7)).
-3
Evaluate (1 - 0) + (3 - -7) + -8.
3
What is -1 - 4 - (-130 - -133)?
-8
6 + (-2 - 0) - -1
5
What is the value of -10 + 5 + (-1 - 1)?
-7
What is the value of 0 - -3 - (-4 + 1 + 3)?
3
What is -9 - 0 - -6 - -7?
4
Calculate -12 + (-17 - -10) + 16.
-3
-5 - (3 - (12 + -5))
-1
Calculate -8 - 0 - (8 - 5 - 4).
-7
What is the value of 1 - (-1 + (14 - 9))?
-3
What is 3 + (-2 - -6) + -2 - 6?
-1
Evaluate 7 + (2 - ((6 - 3) + -1)).
7
What is the value of (78 - 77) + (0 - 7)?
-6
-6 + 0 + (18 - 12)
0
What is the value of 2 - ((-1 - 0) + -1)?
4
What is the value of 12 + -5 + 0 - (9 + -3)?
1
What is 2 - (7 - 4) - 4?
-5
Calculate (6 - 6) + -1 - -6.
5
Calculate 4 + -2 + (-5 - -4).
1
Evaluate 4 - (-2 + (-7 + 12 - 5)).
6
Evaluate 0 - (5 - (4 - 1)).
-2
What is -7 - -4 - (-6 + 1 + 0)?
2
What is 0 - -17 - (-102 - -114)?
5
(10 - 3) + 0 + -10
-3
What is -3 + 10 + -5 + 1 + -10?
-7
Evaluate -4 - (-4 - 1) - 5.
-4
What is -5 + 0 - (4 - (-4 - -13))?
0
0 - (-2 + -3 - -2)
3
-3 + (-4 - (-4 - -1)) + 2
-2
Calculate (-4 - -2) + 2 + 4.
4
Evaluate (24 - 35) + (6 - -1) + -3.
-7
Evaluate -6 + 1 + 1 + 3.
-1
What is the value of 4 + 0 - ((-6 - -9) + -6)?
7
-4 + 3 - (-1 + 1 + -11)
10
Calculate 2 + 3 + (5 - 17).
-7
What is the value of 9 - 6 - 9 - -10?
4
Evaluate 4 - (12 - 4) - -2.
-2
Calculate (3 - (8 - 2) - -3) + 5.
5
What is the value of 14 + 7 + -14 + -10?
-3
Calculate 18 + -14 + -4 + 2 + 5.
7
What is 9 + 1 + -12 + -7 + 12?
3
10 - (1 + 17 + -2)
-6
What is (9 - 5 - -2) + -8 + -3?
-5
What is (7 - 1) + 11 + -1 + -11?
5
Evaluate (1 - ((3 - 9) + 15)) + 1.
-7
What is -13 + 7 + -18 + 14?
-10
What is -12 + (22 - 4) + -5?
1
Calculate 2 + (3 - 3 - 0).
2
What is (5 + 4 - 8) + -5?
-4
Calculate (-18 - -6) + 4 - -12.
4
Calculate 0 - 2 - 1 - (-14 + 14).
-3
What is 0 + -12 + (-11 + 11 - -8)?
-4
0 + -6 + (2 - -2)
-2
Evaluate (-2 - -3) + -6 + (116 - 114).
-3
What is the value of 5 + (-14 - -6) - -10?
7
Calculate -1 + (-7 - (-8 + -4 - -5)).
-1
What is the value of -26 - -30 - (0 - -6)?
-2
Evaluate -2 + 1 + 5 - 3.
1
What is (8 - 5) + -1 + 1 + 2?
5
1 - -2 - (1 + -1)
3
Calculate -5 + 9 + -1 + -3 + -2.
-2
1 + (-8 - (-2 - -1))
-6
What is the value of -9 + 16 + (-2 - 4)?
1
What is -6 + 1 + -1 + 3 + 3?
0
-1 + 1 + -1 - (-87 + 87)
-1
Calculate (7 + 3 - -6) + -10.
6
Calculate (-6 - -4 - -2) + 1.
1
What is 6 + (-9 - 4) + 12?
5
Evaluate (-4 - -2) + 2 + 0 + 4.
4
What is the value of (-1 - 1) + 0 - (6 + -9)?
1
What is (4 + -6 - 4) + 6?
0
Calculate (177 - 171) + (-5 - (0 - 0)).
1
Calculate 0 - ((1 - -3) + -4) - 4.
-4
What is the value of (-4 - -1 - (-7 + 6)) + -2?
-4
2 + 4 + -2 + -2
2
-7 - (-13 + (13 - 5) - -5)
-7
Evaluate -7 + -3 + 8 + -2.
-4
Calculate (-1 - 8) + 3 + 1.
-5
3 + (-1 + 3 - (-1 - -3))
3
What is 0 + 0 + -5 + (-179 - -183)?
-1
What is the value of (4 - (7 - 0)) + 2 + -2?
-3
What is -6 + -1 - (1 - 4) - 1?
-5
What is 0 + (-3 - (4 - 8) - 2)?
-1
What is the value of (-28 - -26) + (4 - (-1 + 1))?
2
Evaluate (-7 + 17 - -7) + -9.
8
What is the value of -3 + 2 + -3 - (1 - 0)?
-5
Calculate (0 - 5) + (-2 - -7).
0
Evaluate -15 + 10 - (-3 - 2 - -4).
-4
Calculate 4 + 0 + (-3 + 8 - 4).
5
Evaluate (1 - (3 + -4)) + -2.
0
What is (5 - -2) + -6 - 0?
1
What is 4 + -2 + 1 + -7?
-4
What is -8 + 5 - (2 + -3)?
-2
Calculate -12 + 20 - ((0 - -3) + 0).
5
0 - (1 + -4) - (-1 + -1)
5
(-6 - -1) + 4 + 1
0
Calculate 2 + 0 - (8 + -2 + -1).
-3
What is the value of -3 + -5 + 17 + -15?
-6
What is the value of 10 + -4 + 5 + -13?
-2
What is the value of 1 + 0 + 0 + (20 - 23)?
-2
Evaluate (1 + -7 - -2) + -12 + 12.
-4
10 + -8 - (2 + (-3 - -4))
-1
Evaluate -2 + 1 + 0 - 4.
-5
What is the value of 2 + 2 - (-1 + 4 - 3)?
4
Evaluate -1 + -2 - (-6 + 6 + -3).
0
1 + 3 + 1 + (11 - 18)
-2
What is the value of 1 - (-3 - -3 - 1)?
2
Evaluate -4 + (-2 - (-2 + -9)).
5
What is (0 - -10) + (-18 - -13)?
5
What is the value of (-10 - -14) + -6 + 1?
-1
Calculate (8 - -4 - 4) + -3 + -3.
2
Evaluate -63 - -57 - (1 + -2).
-5
1 + (2 - (-1 - -3 - 4))
5
1 - (-7 - (-8 - -3))
3
What is the value of (-6 + 6 + -8 - -4) + -1?
-5
What is 4 - (4 + (4 - 1))?
-3
Calculate -11 + (1 - -16) - (-1 - 0).
7
What is the value of (-3 - -10) + -11 - (-5 - 2)?
3
What is the value of 6 - (0 + (0 - (-1 + -7)))?
-2
Evaluate (-4 - -1 - 0) + (-8 - -4).
-7
What is (-14 - -7) + 12 + (1 - 0)?
6
Calculate -6 - ((-6 + 1 - -2) + -2).
-1
(-3 - -2) + (-1 - (4 + -1))
-5
Calculate (0 - -2) + (-5 - -7).
4
Calculate 4 + -8 + (4 - 3).
-3
Calculate (-13 - -5) + 